+ 6*y. Let l(c) = -2*c - 6. Let k be l(-4). Let b be a(k). Let z(v) = v**3 - 6*v**2 - v + 4. Give z(b).
-2
Let g(v) = -37*v**3 + 2*v**2 - 2*v + 1. Let y be -4 - (5 + (-4 - 6)). Calculate g(y).
-36
Let w(k) = -6*k**2 - 27*k + 12. Let p(y) = -4*y**2 - 13*y + 6. Let q(m) = 5*p(m) - 3*w(m). Calculate q(7).
8
Suppose 4*i + 13 = -x + 8*i, 2*i - 4 = -2*x. Let m(u) = 10*u**2 - 2*u - 1. Determine m(x).
11
Suppose 4*l + 12 - 37 = -3*d, 0 = -l - d + 5. Suppose -5*v + 2*g = l, -3*v - 3*g = 2*g + 37. Let j(n) = -8*n**2 - 5*n - n**2 + 8*n**2 - 4. Calculate j(v).
0
Let n(h) be the third derivative of h**4/24 + 3*h**3/2 + 5*h**2. Let q(s) = 4 - 17*s + 17*s - s**2 - 2*s**2. Let v be q(2). Determine n(v).
1
Let f(z) = 3*z - 1. Let a be 2/8 + (-531)/12. Let y = a - -47. What is f(y)?
8
Let r be (-10)/1*168/40. Let v = r - -60. Suppose -v = 2*a + a. Let t(i) = 2*i + 4. Determine t(a).
-8
Let y(l) = 0*l**2 - 3*l**2 + 2*l - 1 + l**2 + 10*l**2. Suppose 165 = -10*q + 15*q. Let p = -32 + q. Determine y(p).
9
Let r = 45 - 46. Let w(h) = 11*h - 1. What is w(r)?
-12
Let t be (-15)/(-27) + (-1)/(-9). Let y(c) be the first derivative of -t*c**3 + 0*c**2 - 2 - 3*c - 1/4*c**4. Give y(-3).
6
Let g(j) = 7*j + 7*j - 24*j - 2. What is g(-1)?
8
Suppose -5*n - 9 = 3*o + 17, -n = o + 6. Let m(u) = -u - 4. Calculate m(o).
-2
Suppose 2*x + 1 = 3*a, 3 = -x - 0*a - a. Let q(z) = -7*z**2 - 6*z - 4. Let i = -40 + 37. Let g(n) = -6*n**2 - 5*n - 3. Let c(r) = i*q(r) + 4*g(r). What is c(x)?
-8
Let c(m) = -m - 1. Let q(a) = -a**2 - 23*a - 106. Let i(x) = c(x) + q(x). Let t be i(-18). Let w(j) = 5*j**2 - 3*j**2 + j + j**2. Determine w(t).
4
Let o = 34 + -40. Let v = -7 - o. Let g(r) = -16*r**3 - r**2 + r + 1. What is g(v)?
15
Let h(q) = -2*q**2 - 2*q. Let l(m) = -10*m + 2 + 20*m - 2*m**2 - 12*m. Let j be l(-2). Determine h(j).
-4
Let w be 2*3*4/(-8). Let m(p) = 5*p**2 + 4*p + 1. Let f(q) = -11*q**2 - 9*q - 2. Let n(d) = 6*f(d) + 13*m(d). What is n(w)?
-2
Let c be (-1)/((10/5)/(-6)). Suppose 2*g = 2*o - 8, -4*o + 2*g - c*g = 9. Let h(m) = 1. Let v(q) = -q + 1. Let n(x) = o*v(x) - 6*h(x). What is n(7)?
0
Let k(t) = -t**3 + 4*t**2 - 2*t. Let c(r) = -8*r**3 + 30*r**2 - 11*r + 3. Let n(q) = -c(q) + 7*k(q). Determine n(5).
57
Let k(d) = 63 + d**2 + 8*d**2 - 14*d**2 - 2*d - 62 - 15*d**2. Determine k(1).
-21
Let p(r) = 7*r**2 + 19*r - 13. Let q(i) = -i**2 + 7*i. Let x be q(7). Let g(t) = x + 16*t - 25*t + 6 - 3*t**2. Let d(j) = 5*g(j) + 2*p(j). Determine d(-7).
4
Let t(r) be the first derivative of -r**4/4 - 2*r**3 + r**2 + 7*r - 1. Let q be 5/4 + (-522)/72. What is t(q)?
-5
Suppose 7*p + 14 = -14. Let j(i) = 11*i**2 + 9*i + 9. Let t(h) = 5*h**2 + 4*h + 4. Let o(r) = -6*j(r) + 13*t(r). Give o(p).
-10
Let b = -7 + 11. Let t(d) = -d**3 + 4*d**2 + 3*d - 2. Let i be t(b). Let p = -5 + i. Let f(r) = -r**3 + 5*r**2 + 7. Determine f(p).
7
Suppose 10 = -2*n - 3*s, 0*n - 3*s - 16 = -4*n. Let a be n/3 + 24/9. Let r(g) = 9*g + 5*g**2 - g - 9*g - g**a. What is r(5)?
-5
Let v(a) be the third derivative of -1/6*a**4 + 0 + 3*a**2 + 0*a + 1/6*a**3. Suppose -d - o = 3*d, 0 = -5*d - 5*o - 15. Give v(d).
-3
Let q(h) = h**2 - 10*h + 14. Let k = -60 - -67. Let u be q(k). Let c(t) = -t**2 - 5*t + 2. Determine c(u).
-12
Let c(v) = v - 5. Suppose -2*i + 7 = -7. Let j be c(i). Let w(d) = d**3 + 5*d**2 + 6*d**j - 7*d**2 + 2. Calculate w(-4).
2
Let j(z) = -z**3 + 4*z**2 + 6*z - 6. Let q be j(5). Let o be 4/(2 + q + 1). Let w(l) = l**2 - l. Let h(p) = 3*p**2 - 4*p. Let f(v) = -h(v) + w(v). Give f(o).
-2
Let m(k) = 7 + 62*k + 63*k - 185*k + 64*k. Give m(-6).
-17
Let n(b) = 8*b**2 + 7*b. Let r(c) = 7*c**2 + 6*c + 1. Let t(j) = -6*n(j) + 7*r(j). Calculate t(0).
7
Let u = 1 + 2. Let i(s) = 7 - 2*s**2 - 1 + s**u - 4*s**2. Let a(h) = h**3 - 2*h**2 + h - 6. Let y be a(3). What is i(y)?
6
Let m(l) = l**2 - 8*l - 29. Let x be m(11). Let q(j) = -2*j + 13. Determine q(x).
5
Let k(u) be the second derivative of 0 - 12*u - 1/3*u**3 + 1/20*u**5 + u**2 - 1/3*u**4. Determine k(4).
-6
Let f(p) be the second derivative of -7*p**4/12 - p**3/6 + p - 19. What is f(1)?
-8
Let m = 0 + -3. Let h be 17 + -16 + 2*6. Let j(s) = 4 + s**3 + 20*s - 8*s + 3*s**2 - h*s. Give j(m).
7
Let s(b) = 5*b - 29. Let w(i) = -i + 8. Let o(j) = -s(j) - 3*w(j). Determine o(6).
-7
Let g(r) be the third derivative of r**7/1008 + r**6/720 - 2*r**5/5 + 18*r**2. Let b(d) be the third derivative of g(d). Determine b(-2).
-9
Let v(g) be the second derivative of -g**5/60 + g**4/6 + g**3/6 + g**2/2 - g. Let a(l) be the first derivative of v(l). Suppose y - 4*y + 12 = 0. What is a(y)?
1
Let b(k) = -3*k + 4. Let a(g) = -12*g + 15. Let c(f) = 4*a(f) - 15*b(f). Let n(w) = -w**2 - 4*w + 1. Let q be n(-3). Suppose 3 + 13 = q*i. Give c(i).
-12
Let r(q) = q - 7. Suppose 8*d + 730 = 10. Let f = 99 + d. Give r(f).
2
Let j be 14/(-8) - 1470/280. Let b(h) = -h**2 - 7*h - 8. Determine b(j).
-8
Let v(q) = -q**2 - 5*q - 3. Let t = -77 - -71. Give v(t).
-9
Let u(d) be the second derivative of d**5/120 - d**4/12 - 2*d**3 - 17*d. Let h(j) be the second derivative of u(j). What is h(7)?
5
Suppose -2*n + 50 = -7*n. Let i = 11 + n. Let s(g) = -5*g**2 - 1. Calculate s(i).
-6
Let q(l) be the first derivative of -2*l**3 + 2 + 3*l - 2*l**2 - 1/4*l**4. Suppose 0*y + 2*y = -10. Determine q(y).
-2
Suppose -5*u = -14 + 4. Let n(t) = 143*t + 4 - 74*t - 72*t - u. What is n(3)?
-7
Suppose 3*g = -g + 12. Let o be 2 + 1 - g/(-3). Let h(t) = t**3 - 4*t**2 - 3. Calculate h(o).
-3
Let b = 1 + 1. Let z(p) = 2*p**2 + 7*p + 6 - p**b - 3*p. Suppose 2*w = 3*h + 4 + 13, -h - 9 = -4*w. What is z(h)?
11
Let i(f) be the third derivative of -f**4/24 - 5*f**3/3 + 58*f**2. Determine i(-12).
2
Suppose 0 = 6*v - 7*v + l - 7, -5*l = -v - 19. Let p(y) = 2*y**2 + 7*y + 2. Calculate p(v).
6
Let j(n) = n**2 - 3*n + 3. Let q(g) = 4*g**2 + 27*g + 48. Let p be q(-3). Determine j(p).
3
Let z(t) = t**2 - 9*t - 9. Suppose -5*k - 6 = -l - 18, 2*k + l - 2 = 0. Suppose 4*a - 34 = -0*a + k*v, -5*a - 2*v + 56 = 0. Determine z(a).
1
Let n be (-8)/40 + 18/15. Suppose -2*a - 1 - n = -2*r, -a + 2 = 0. Let f(h) = h**2 - h + 3. Determine f(r).
9
Let y(d) = 5*d + 3 - 2*d - 4*d. Let k be (0 + 8)/(48/(-32) + 15/6). Give y(k).
-5
Let g(b) = b**3 + 20*b**2 - 23*b - 26. Let a be g(-21). Let k(h) = -h**2 + 18*h - 12. Calculate k(a).
20
Let y(u) = 8*u - 71. Let h(i) = 2*i - 17. Let d(t) = 9*h(t) - 2*y(t). What is d(9)?
7
Let l(v) = -v**3 + 4*v**2 - 2*v + 2. Suppose 0*s - 4*s = -3*z - 17, 34 = -2*z - 3*s. Let g = z - -15. Determine l(g).
-6
Let a(m) = 34*m. Let b be a(0). Let r(t) = t**3 - t**2 - t + 14. Give r(b).
14
Let d(l) = 4*l**2 + 9 - 3*l**3 + 4*l + 2*l**3 + 2 - 4. Let a be (2 - 2 - 1)*-5. What is d(a)?
2
Suppose y + 35 = 27. Let b(v) = -v**3 - 7*v**2 + 8*v - 7. What is b(y)?
-7
Let z(f) be the second derivative of f**5/5 + f**4/6 + f**3/3 + f**2/2 - 2*f. Suppose 3*n - 74*a - 3 = -71*a, 3*n = 5*a + 7. Calculate z(n).
-3
Let f(x) = -3*x**2 + 24*x + 25. Let d be f(9). Let m(j) = j**3 + 7*j**2 - j - 2. Let u be m(-7). Let i(z) = -u*z + 3*z + z + 2. Give i(d).
4
Suppose 0 = 2*x - 5*j - 23, 129*x - 5*j = 132*x + 3. Let q(s) = 2*s - 9. Calculate q(x).
-1
Let o(w) = 7*w + 5. Let n be -13 - (1 + -3)*5. Calculate o(n).
-16
Let i(s) be the third derivative of -s**6/120 + s**5/6 - 5*s**4/8 - 3*s**3/2 + s**2 + 159. Determine i(8).
-1
Let q = -3 + 1. Suppose -77 - 35 = -16*f. Let g(n) = 3*n**2 - 21*n - 3 + 3*n**2 - f*n**2 + 18*n. Determine g(q).
-1
Let x(s) = 5*s**3 - 6*s**2 + 8*s + 5 - 2 - 9 + 0*s - 4*s**3. Suppose 0 = 2*f + f - 15. What is x(f)?
9
Let i = 574 - 569. Let c(h) = -h**2 + 4*h + 12. Determine c(i).
7
Let p(v) = 3*v + v**2 - 3*v - 4 + 4*v. Suppose -4*y = -2*s + 3*s - 11, y = 2. Suppose -5*j - 10 = -5*w, 8*j - s*w = 3*j - 12. What is p(j)?
-7
Let b(k) = -k - 1. Let n(f) = -61. Let u(d) = -34. Let l(z) = -5*n(z) + 9*u(z). Let c = -5 - -3. Let j(p) = c*l(p) - 2*b(p). Give j(-6).
-8
Let h(t) = 111*t + 9. Let v(j) = -66*j - 5. Let b(a) = -4*h(a) - 7*v(a). Determine b(1).
17
Let x(s) = -s**2 + 3*s - 1. Let h = 189 - 186. Determine x(h).
-1
Let z(d) = -2*d**2 + 12*d - 4. Let m be 9 - 8 - (-2 - 2). Let q be z(m). Let l(h) be the first derivative of -h**4/4 + 2*h**3 + h**2 - 4*h - 6. Calculate l(q).
8
Let a(t) = -t + 2. Let y(c) = 0*c + 1 + 0*c**2 - c**2 - 2